s the tens digit of g?
7
Suppose r + 4 - 92 = 0. Suppose -5*p = 10*p. Suppose p = -10*v + 6*v + r. What is the units digit of v?
2
Let w be (-15)/4 - 1/4. Let k be 3/4 + (-73)/w. Suppose j = -2*r + 10, -r + k = 2*j + 2*j. What is the units digit of r?
3
Suppose 3*f = 3 - 0. Let o(x) = x**3 - x + 1. Let c be o(f). Let k(l) = 12*l**3 + l - 1. What is the tens digit of k(c)?
1
Let f be 331 + (0 - 3 - -6). Suppose f = 5*s - a, 0*a = -4*s - a + 269. What is the tens digit of s?
6
Suppose 59*g = 27*g + 7488. What is the units digit of g?
4
Suppose 1550 = -3*j + 8*j. What is the tens digit of j?
1
Let y(d) = d**2 + d - 7. Let m(s) = -8*s + 1. Let h(k) = -9*k + 2. Let q(l) = -6*h(l) + 7*m(l). Let f be q(-5). What is the tens digit of y(f)?
2
Let x = -415 - -1918. What is the hundreds digit of x?
5
Let o = -280 + 349. Let b be (6/(-8))/((-2)/16). Suppose b*r - 2*c - o = 3*r, -69 = -3*r + 5*c. What is the tens digit of r?
2
Suppose -5*v = -3*v - 210. Suppose -2*p = -4*z + 414, p - v = -z + 2*p. What is the tens digit of z?
0
Suppose -4*f = -v - 22, -3*f - 3*v + 11 = -v. Let m(x) = 2*x**2 - x + 11. What is the units digit of m(f)?
6
Let k = -28 + 32. Suppose 2*o + 154 = 5*j, -2*j = k*o - 3*o - 58. Suppose 3*x = 54 + j. What is the units digit of x?
8
Suppose -8*x + 72 = -4*x. What is the units digit of 2/x - (-168)/189?
1
Suppose -n + 3*q = -414, -12*q + 10*q = -5*n + 2031. What is the hundreds digit of n?
4
Let o(m) = m**2 + 34*m - 195. What is the thousands digit of o(34)?
2
Let x = 287 - 205. What is the tens digit of x?
8
Let t(g) = g - 1. Let j(q) = -3*q + 14. Let m(l) = -j(l) - 4*t(l). Let z be m(-15). Suppose 2*r - 2*a = 26, 7 + 41 = 4*r - z*a. What is the tens digit of r?
1
Suppose -6 = -5*i + 4*l + 34, -i - 2*l - 6 = 0. Let q(a) = -i*a - a**2 - 7 - 2 - 7*a + a. What is the tens digit of q(-7)?
1
Suppose -5*o + 20 = -o. Suppose -o*k + 580 = 160. What is the tens digit of k?
8
Suppose -2*s - 4 = 2*s. Let q = s - -6. Suppose 0*t = -t - j + 10, 40 = 4*t + q*j. What is the tens digit of t?
1
What is the hundreds digit of -8*(-2)/8 + 494?
4
Suppose 2*s = -0*s + 62. Let m = -55 + s. Let j = -9 - m. What is the tens digit of j?
1
Suppose -x = 5*b - 10*b - 182, 5*x - 3*b = 822. What is the hundreds digit of x?
1
Let m(l) = l. Let h(d) = 3*d**2 - 2*d - 1. Let k(v) = h(v) + 6*m(v). Let u = 9 + -14. What is the units digit of k(u)?
4
Let y(w) be the third derivative of -13*w**6/120 - w**4/24 + 9*w**2. What is the units digit of y(-1)?
4
Suppose 4*m - 4*l = 340, 0*l + l + 173 = 2*m. Let q = m + -130. Let y = q - -81. What is the tens digit of y?
3
Let w be ((-13)/3 - -2) + (-2)/(-6). What is the tens digit of 80/200 - (-998)/(-10)*w?
0
Suppose 293*d - 288*d - 2790 = 0. What is the units digit of d?
8
Let d(f) = 6*f**2 + 29*f. What is the units digit of d(-14)?
0
Let p(k) = 47*k**2 + 3*k - 4. What is the tens digit of p(-4)?
3
Let y be 3*(2 + 90)/(-4). Let v = 105 + y. Suppose 3*j - 33 - v = 0. What is the units digit of j?
3
Suppose 4049 - 1142 = 17*p. What is the hundreds digit of p?
1
Let q(k) = -k + 1. Let d(o) = -1. Let n(v) = -2*d(v) + q(v). Let z be n(1). What is the tens digit of 18 + (1/1 - z)?
1
Let k(t) = -9*t - 4. Let r be k(-1). Suppose r*l + 2*l = 56. What is the units digit of l?
8
Let u(f) = 9*f**2 + 108*f - 20. What is the hundreds digit of u(-19)?
1
Suppose -20*o = -22*o + 1248. What is the tens digit of o?
2
Let u = -23 + 320. What is the hundreds digit of u?
2
Let g = 34 - 34. Let h(i) = -i**2 - i + 1. Let z(m) = -m**2 - m + 40. Let o(f) = -2*h(f) + z(f). What is the tens digit of o(g)?
3
Let i(o) = 3*o - 9. Let p be i(-12). Let w be ((-4)/10)/(9/p). Suppose 0 = x - 7 - w. What is the units digit of x?
9
Let w be (-48)/(-15) + (-1)/5. Suppose 5*z = a - 0*z - 9, 5 = 2*a + w*z. Suppose -a*y + 91 = 19. What is the units digit of y?
8
Let p(m) = 15*m + 5*m - 4*m + 0*m. Let q be p(-1). Let c = q + 29. What is the tens digit of c?
1
Let a(g) be the first derivative of -35*g**2/2 - 43*g - 46. What is the hundreds digit of a(-10)?
3
Let i(n) = -2*n + 8*n**2 - 7*n**2 + 2*n**3 - 3*n**2. Let a be i(-3). What is the tens digit of (-4)/22 + (-2124)/a?
3
Let p = 77 - -2723. What is the units digit of p?
0
Let f(t) = t**2 - 5*t + 19. Suppose 0*m = 4*m + 60. Let g be (-32)/(-6)*m/(-10). What is the tens digit of f(g)?
4
Let c be (2 - 1)/((-4)/(-36)). Suppose 0 = -10*o + c*o + 4. Let h = 16 - o. What is the units digit of h?
2
Let p = 419 - 285. Suppose 260 = 4*k - 4*d, 2*k + d - p = 2*d. What is the tens digit of k?
6
Let y be (48/(-56))/(2/(-14)). Let m(i) = i**3 - 7*i**2 + 8*i - 6. What is the units digit of m(y)?
6
Let l be (27/(-12))/(3/8). Let w(p) = p + 8. Let q be w(l). Suppose 4*i + 4*y = q*y + 110, -5*i = 3*y - 135. What is the tens digit of i?
3
Suppose -4*a + x + 272 = 0, 20 = -x + 6*x. What is the units digit of a?
9
Let u be 6 - 5 - -511*1. Let k = u - 358. Suppose -5*y + 6 = -2*s + 70, 3*y = -4*s + k. What is the tens digit of s?
3
Let f(z) = 35*z**3 + 3*z**2 - 5*z + 5. Let j be f(2). Suppose 3*k = -4*u + 302, -j = -5*u + k + 81. What is the tens digit of u?
7
Suppose -3*t + 2*t = -45. Let s = 10 + t. What is the tens digit of s?
5
Let z = -6 + 6. Suppose 0*x - 2*x + 6 = z, v + 4*x - 20 = 0. What is the units digit of v?
8
Let t(n) = 90*n - 122. What is the tens digit of t(7)?
0
Suppose 4*g = -242 + 2666. What is the hundreds digit of g?
6
Suppose -5*o - n + 13 = -2*n, 4*o - 5*n - 2 = 0. Let w be 2/(-3) - 14/(-3). Suppose t - w*h = o*t - 40, 0 = -5*h. What is the tens digit of t?
2
Let m = -19 + 18. Let w(h) = h. Let g(k) = k - 1. Let u(s) = m*g(s) - 3*w(s). What is the units digit of u(-3)?
3
Let b be 3/2 + (-400)/32. Let m = -59 - b. What is the units digit of m*(-2 - 3/(-3))?
8
Suppose 3*b - 1904 = -p, p = 3*b + 2*b - 3176. What is the hundreds digit of (-5 - -3)*(b/2)/(-5)?
1
Let a(s) = -23*s + 1098. What is the units digit of a(44)?
6
Let v(x) = x**2 - 13*x + 9. What is the tens digit of v(-11)?
7
Suppose 3*r + 5*q - 67 = 1, q - 43 = -2*r. Let k = 41 - r. What is the tens digit of k?
2
Let s be (60/3)/((-8)/(-28)). What is the tens digit of ((-4)/14 - (-125)/s)*10?
1
Let s(w) = 13*w - 18*w - w**3 - 2*w**2 + 2 + 7*w. Let u be s(-3). Suppose u*x - 4*x = 7. What is the units digit of x?
7
Let f be 24*2*(-4)/(-16). Let r be (f/8)/3*12. What is the units digit of (-214)/(-6) - r/9?
5
Let g = 306 + -299. Let t(p) be the second derivative of p**3/6 - 2*p**2 - p. What is the units digit of t(g)?
3
Let j be 157/8 + (-3)/(-8). Let f = 50 - j. What is the units digit of f?
0
Suppose 8*s - 76 + 12 = 0. Suppose 512 = 16*d - s*d. What is the units digit of d?
4
What is the units digit of -5 + (3 - -4)/(-7) + 3341?
5
Let u = -116 - -119. Suppose -4*w + u*r + 597 = -w, 4*r = w - 190. What is the units digit of w?
2
Suppose 64 = -3*i + 79. Let o(h) = 22*h - 7. Let d be o(7). Suppose d = i*l + 7. What is the tens digit of l?
2
Suppose 2*u + 15*r = 10*r + 1223, -612 = -u - 3*r. What is the tens digit of u?
0
Suppose 113 = l - 32. Suppose -5*v + l = -160. What is the units digit of v?
1
Suppose 4*l = -20, -4*l - l - 69 = -4*t. Suppose -t*q + 13*q = 196. What is the units digit of q?
8
Suppose i = -4, -2*i - 784 = -6*p + 2*p. What is the tens digit of p?
9
Let s(j) = 122*j + 119. What is the tens digit of s(12)?
8
Let g be 13/(-39)*(3 - 0). What is the units digit of g/2 + 39/6?
6
Let x(a) = 453*a + 10. What is the units digit of x(6)?
8
Let f = 87 - 83. Suppose -f*i = -16, -2*i + 0 = -3*m + 10. What is the units digit of m?
6
Let x be (4 - -367) + -2 + 5. Let f = x - 253. What is the units digit of f?
1
Let r(m) = 2*m**2 - 16*m - 19. Let b be (2/(-5))/(14/(-420)). What is the tens digit of r(b)?
7
Suppose 48*z - 49*z + 2*o = -5708, -5*z = -2*o - 28540. What is the thousands digit of z?
5
Let c(b) = -b + 12. Let v be c(0). Let t = v + 2. Let u = t - 10. What is the units digit of u?
4
Let t(d) = -2*d + 36. What is the units digit of t(-4)?
4
What is the thousands digit of (-1122)/275*5*580/(-6)?
1
Suppose 4*u - 5*r = 2117, 4*u = 8*u + 4*r - 2072. What is the tens digit of u?
2
Suppose -2*u + 3*u = 12. Let f be u/3*1 + -2. Suppose o + 2*o = 3*b, -4 = -f*o. What is the units digit of b?
2
Let l = 2 - -16. Let n = l - 19. What is the tens digit of 3*(-2 -